{"id":45,"date":"2014-12-09T08:03:37","date_gmt":"2014-12-09T07:03:37","guid":{"rendered":"http:\/\/www.dlad.fi\/dev\/jakt\/?page_id=45"},"modified":"2026-01-28T10:49:55","modified_gmt":"2026-01-28T09:49:55","slug":"statistikinfoblad","status":"publish","type":"page","link":"https:\/\/www.voranejdensjvf.fi\/?page_id=45","title":{"rendered":"INFO \/ STATISTIK"},"content":{"rendered":"<p><strong><a href=\"http:\/\/www.voranejdensjvf.fi\/wp-content\/uploads\/2026\/01\/RAVAVTAL-mellan-jaktklubbarna-2026.pdf\">R\u00c4VAVTAL mellan jaktklubbarna 2026<\/a><\/strong><\/p>\n<p><a href=\"http:\/\/www.voranejdensjvf.fi\/wp-content\/uploads\/2023\/02\/Voranejdens_avskjutning_2021.pdf\">Bytesstatistik 2021<\/a><\/p>\n<p><a href=\"http:\/\/www.voranejdensjvf.fi\/wp-content\/uploads\/2014\/12\/Rovdjurst\u00e4vling-2020.xlsx\">Rovdjurst\u00e4vling 2020<\/a><\/p>\n<p><a href=\"http:\/\/www.voranejdensjvf.fi\/wp-content\/uploads\/2014\/12\/Rhy_verksamhetsplan_2020sv.pdf\">Verksamhetsplan 2020<\/a><\/p>\n<p><a href=\"http:\/\/www.voranejdensjvf.fi\/wp-content\/uploads\/2014\/12\/verksamhetsber\u00e4ttelse_2019.pdf\">Verksamhetsber\u00e4ttelse 2019<\/a><\/p>\n<p><a href=\"http:\/\/www.voranejdensjvf.fi\/wp-content\/uploads\/2014\/12\/V\u00f6r\u00e5nejdens_avskjutning_2019.pdf\">Bytesstatistik 2019<\/a><\/p>\n<p><a href=\"http:\/\/www.voranejdensjvf.fi\/wp-content\/uploads\/2014\/12\/V\u00f6r\u00e5nejdens_avskjutning_2018.pdf\">Bytesstatistik 2018<\/a><\/p>\n<p><a href=\"https:\/\/riista.fi\/sv\/jakt\/jakttider\/\">Jakttider<\/a><\/p>\n","protected":false},"excerpt":{"rendered":"<p>R\u00c4VAVTAL mellan jaktklubbarna 2026 Bytesstatistik 2021 Rovdjurst\u00e4vling 2020 Verksamhetsplan 2020 Verksamhetsber\u00e4ttelse 2019 Bytesstatistik 2019 Bytesstatistik 2018 Jakttider<\/p>\n","protected":false},"author":1,"featured_media":0,"parent":0,"menu_order":0,"comment_status":"closed","ping_status":"closed","template":"","meta":[],"_links":{"self":[{"href":"https:\/\/www.voranejdensjvf.fi\/index.php?rest_route=\/wp\/v2\/pages\/45"}],"collection":[{"href":"https:\/\/www.voranejdensjvf.fi\/index.php?rest_route=\/wp\/v2\/pages"}],"about":[{"href":"https:\/\/www.voranejdensjvf.fi\/index.php?rest_route=\/wp\/v2\/types\/page"}],"author":[{"embeddable":true,"href":"https:\/\/www.voranejdensjvf.fi\/index.php?rest_route=\/wp\/v2\/users\/1"}],"replies":[{"embeddable":true,"href":"https:\/\/www.voranejdensjvf.fi\/index.php?rest_route=%2Fwp%2Fv2%2Fcomments&post=45"}],"version-history":[{"count":21,"href":"https:\/\/www.voranejdensjvf.fi\/index.php?rest_route=\/wp\/v2\/pages\/45\/revisions"}],"predecessor-version":[{"id":1522,"href":"https:\/\/www.voranejdensjvf.fi\/index.php?rest_route=\/wp\/v2\/pages\/45\/revisions\/1522"}],"wp:attachment":[{"href":"https:\/\/www.voranejdensjvf.fi\/index.php?rest_route=%2Fwp%2Fv2%2Fmedia&parent=45"}],"curies":[{"name":"wp","href":"https:\/\/api.w.org\/{rel}","templated":true}]}}