{"id":41,"date":"2014-12-09T07:54:17","date_gmt":"2014-12-09T06:54:17","guid":{"rendered":"http:\/\/www.dlad.fi\/dev\/jakt\/?page_id=41"},"modified":"2026-04-07T06:34:00","modified_gmt":"2026-04-07T04:34:00","slug":"start","status":"publish","type":"page","link":"https:\/\/www.voranejdensjvf.fi\/","title":{"rendered":"V\u00c4LKOMMEN TILL V\u00d6R\u00c5NEJDENS JAKTV\u00c5RDSF\u00d6RENING!"},"content":{"rendered":"<p>Till V\u00f6r\u00e5nejdens jaktv\u00e5rdsf\u00f6rening h\u00f6r jaktf\u00f6reningarna i V\u00f6r\u00e5, Oravais och Maxmo.<\/p>\n<p>Ledningen best\u00e5r av ordf\u00f6rande, verksamhetsledare, kass\u00f6r samt 6 styrelsemedlemmar<span style=\"font-family: Verdana;\">.<\/span><\/p>\n<p>Jaktv\u00e5rdsf\u00f6reningens verksamhetsomr\u00e5des markareal \u00e4r 78173 hektar.<\/p>\n<p>Jaktf\u00f6reningarna antal \u00e4r 17st.<span style=\"font-family: Verdana;\">\u00a0<\/span><\/p>\n<p>P\u00e5 dessa sidor hittar du aktuellt information om skytteprov, \u00e4lgjakt, m\u00f6ten o.s.v.<\/p>\n","protected":false},"excerpt":{"rendered":"<p>Till V\u00f6r\u00e5nejdens jaktv\u00e5rdsf\u00f6rening h\u00f6r jaktf\u00f6reningarna i V\u00f6r\u00e5, Oravais och Maxmo. Ledningen best\u00e5r av ordf\u00f6rande, verksamhetsledare, kass\u00f6r samt 6 styrelsemedlemmar. Jaktv\u00e5rdsf\u00f6reningens verksamhetsomr\u00e5des markareal \u00e4r 78173 hektar. Jaktf\u00f6reningarna antal \u00e4r 17st.\u00a0 P\u00e5 dessa sidor hittar du aktuellt information om skytteprov, \u00e4lgjakt, m\u00f6ten o.s.v.<\/p>\n","protected":false},"author":1,"featured_media":0,"parent":0,"menu_order":0,"comment_status":"closed","ping_status":"closed","template":"","meta":[],"_links":{"self":[{"href":"https:\/\/www.voranejdensjvf.fi\/index.php?rest_route=\/wp\/v2\/pages\/41"}],"collection":[{"href":"https:\/\/www.voranejdensjvf.fi\/index.php?rest_route=\/wp\/v2\/pages"}],"about":[{"href":"https:\/\/www.voranejdensjvf.fi\/index.php?rest_route=\/wp\/v2\/types\/page"}],"author":[{"embeddable":true,"href":"https:\/\/www.voranejdensjvf.fi\/index.php?rest_route=\/wp\/v2\/users\/1"}],"replies":[{"embeddable":true,"href":"https:\/\/www.voranejdensjvf.fi\/index.php?rest_route=%2Fwp%2Fv2%2Fcomments&post=41"}],"version-history":[{"count":15,"href":"https:\/\/www.voranejdensjvf.fi\/index.php?rest_route=\/wp\/v2\/pages\/41\/revisions"}],"predecessor-version":[{"id":1532,"href":"https:\/\/www.voranejdensjvf.fi\/index.php?rest_route=\/wp\/v2\/pages\/41\/revisions\/1532"}],"wp:attachment":[{"href":"https:\/\/www.voranejdensjvf.fi\/index.php?rest_route=%2Fwp%2Fv2%2Fmedia&parent=41"}],"curies":[{"name":"wp","href":"https:\/\/api.w.org\/{rel}","templated":true}]}}